{"id":3987,"date":"2011-07-26T22:45:08","date_gmt":"2011-07-26T20:45:08","guid":{"rendered":"http:\/\/blog.option.culture.future.marrot.org\/?page_id=3987"},"modified":"2012-06-10T22:06:22","modified_gmt":"2012-06-10T20:06:22","slug":"tourisme-et-developpement-des-territoires","status":"publish","type":"page","link":"https:\/\/www.option-culture.com\/?page_id=3987","title":{"rendered":"Tourisme et d\u00e9veloppement des territoires"},"content":{"rendered":"<p>AFEST \u2013 Association fran\u00e7aises des experts et des scientifiques du tourisme<br \/>\n<a href=\"http:\/\/www.afest.org\/\" target=\"_blank\">http:\/\/www.afest.org<\/a><\/p>\n<p>Assembl\u00e9e\u00a0des d\u00e9partements de France<br \/>\n<a href=\"http:\/\/www.departement.org\/jsp\/index.jsp\" target=\"_blank\">http:\/\/www.departement.org<\/a><\/p>\n<p>Association des maires de France<br \/>\n<a href=\"http:\/\/www.amf.asso.fr\/\" target=\"_blank\">http:\/\/www.amf.asso.fr<\/a><\/p>\n<p>Source<br \/>\n<a href=\"http:\/\/www.source.asso.fr\/\" target=\"_blank\">http:\/\/www.source.asso.fr<\/a><\/p>\n<p>UNADEL<br \/>\n<a href=\"http:\/\/www.unadel.asso.fr\/base\/index.php\" target=\"_blank\">http:\/\/www.unadel.asso.fr<\/a><\/p>\n<p>Association des r\u00e9gions de France<br \/>\n<a href=\"http:\/\/www.arf.asso.fr\/\" target=\"_blank\">http:\/\/www.arf.asso.fr<\/a><\/p>\n<p>Centres permanents d\u2019initiatives pour l\u2019environnement (CPIE)<br \/>\n<a href=\"http:\/\/www.cpie.fr\/\" target=\"_blank\">http:\/\/www.cpie.fr<\/a><\/p>\n<p>D\u00e9l\u00e9gation interminist\u00e9rielle \u00e0 l\u2019am\u00e9nagement et \u00e0 la comp\u00e9titivit\u00e9 des territoires<br \/>\n<a href=\"http:\/\/www.diact.gouv.fr\/\" target=\"_blank\">http:\/\/www.diact.gouv.fr<\/a><\/p>\n<p>ETD<br \/>\n<a href=\"http:\/\/www.projetdeterritoire.com\/spip\/\" target=\"_blank\">http:\/\/www.projetdeterritoire.com<\/a><\/p>\n<p><a href=\"http:\/\/www.observatoire-culture.net\/\">F\u00e9d\u00e9ration des parcs naturels r\u00e9gionaux<\/a><a href=\"http:\/\/www.observatoire-culture.net\/\"><br \/>\n<\/a><a href=\"http:\/\/www.parcs-naturels-regionaux.tm.fr\/fr\/accueil\/\" target=\"_blank\">http:\/\/www.parcs-naturels-regionaux.tm.fr<\/a><\/p>\n<p>F\u00e9d\u00e9ration des soci\u00e9t\u00e9s d\u2019\u00e9conomie mixte<br \/>\n<a href=\"http:\/\/www.fedsem.fr\/\" target=\"_blank\">http:\/\/www.fedsem.fr<\/a><\/p>\n<p>GEFIL (Syndicat national de l\u2019ing\u00e9nierie loisirs \u2013 culture \u2013 tourisme)<br \/>\n<a href=\"http:\/\/www.gefil.org\/\" target=\"_blank\">http:\/\/www.gefil.org<\/a><\/p>\n<p>Institution de la d\u00e9centralisation<br \/>\n<a href=\"http:\/\/www.idecentralisation.asso.fr\/\" target=\"_blank\">http:\/\/www.idecentralisation.asso.fr<\/a><\/p>\n<p>Leader<br \/>\n<a href=\"http:\/\/www.una-leader.org\/\" target=\"_blank\">http:\/\/www.una-leader.org<\/a><\/p>\n<p>Maison de la France<br \/>\n<a href=\"http:\/\/fr.franceguide.com\/\" target=\"_blank\">http:\/\/fr.franceguide.com<\/a><\/p>\n<p>Minist\u00e8re du tourisme<br \/>\n<a href=\"http:\/\/www.tourisme.gouv.fr\/fr\/home.jsp\" target=\"_blank\">http:\/\/www.tourisme.gouv.fr<\/a><\/p>\n<p>ODIT France<br \/>\n<a href=\"http:\/\/www.odit-france.fr\/\" target=\"_blank\">http:\/\/www.odit-france.fr<\/a><\/p>\n","protected":false},"excerpt":{"rendered":"<p>AFEST \u2013 Association fran\u00e7aises des experts et des scientifiques du tourisme http:\/\/www.afest.org Assembl\u00e9e\u00a0des d\u00e9partements de France http:\/\/www.departement.org Association des maires de France http:\/\/www.amf.asso.fr Source http:\/\/www.source.asso.fr UNADEL http:\/\/www.unadel.asso.fr Association des r\u00e9gions de France http:\/\/www.arf.asso.fr Centres permanents d\u2019initiatives pour l\u2019environnement (CPIE) http:\/\/www.cpie.fr D\u00e9l\u00e9gation interminist\u00e9rielle \u00e0 l\u2019am\u00e9nagement et \u00e0 la comp\u00e9titivit\u00e9 des territoires http:\/\/www.diact.gouv.fr ETD http:\/\/www.projetdeterritoire.com F\u00e9d\u00e9ration des [&hellip;]<\/p>\n","protected":false},"author":2,"featured_media":0,"parent":3962,"menu_order":1,"comment_status":"closed","ping_status":"closed","template":"","meta":{"footnotes":""},"class_list":["post-3987","page","type-page","status-publish","hentry"],"_links":{"self":[{"href":"https:\/\/www.option-culture.com\/index.php?rest_route=\/wp\/v2\/pages\/3987","targetHints":{"allow":["GET"]}}],"collection":[{"href":"https:\/\/www.option-culture.com\/index.php?rest_route=\/wp\/v2\/pages"}],"about":[{"href":"https:\/\/www.option-culture.com\/index.php?rest_route=\/wp\/v2\/types\/page"}],"author":[{"embeddable":true,"href":"https:\/\/www.option-culture.com\/index.php?rest_route=\/wp\/v2\/users\/2"}],"replies":[{"embeddable":true,"href":"https:\/\/www.option-culture.com\/index.php?rest_route=%2Fwp%2Fv2%2Fcomments&post=3987"}],"version-history":[{"count":4,"href":"https:\/\/www.option-culture.com\/index.php?rest_route=\/wp\/v2\/pages\/3987\/revisions"}],"predecessor-version":[{"id":4070,"href":"https:\/\/www.option-culture.com\/index.php?rest_route=\/wp\/v2\/pages\/3987\/revisions\/4070"}],"up":[{"embeddable":true,"href":"https:\/\/www.option-culture.com\/index.php?rest_route=\/wp\/v2\/pages\/3962"}],"wp:attachment":[{"href":"https:\/\/www.option-culture.com\/index.php?rest_route=%2Fwp%2Fv2%2Fmedia&parent=3987"}],"curies":[{"name":"wp","href":"https:\/\/api.w.org\/{rel}","templated":true}]}}